{"id":241,"date":"2011-03-10T07:10:44","date_gmt":"2011-03-09T23:10:44","guid":{"rendered":"http:\/\/www.frankbauer.net\/blog\/?page_id=241"},"modified":"2015-01-21T22:13:00","modified_gmt":"2015-01-21T21:13:00","slug":"travel","status":"publish","type":"page","link":"https:\/\/www.frankbauer.net\/blog\/travel\/","title":{"rendered":"Travel"},"content":{"rendered":"<div style=\"clear: both; font-family: Arial,Helvetica,sans-serif;\">\n<\/div>\n<div style=\"font-family: Arial,Helvetica,sans-serif; text-align: justify;\">\nAuf dieser Seite findet Ihr Links zu Berichten \u00fcber St\u00e4dtereisen und \u00fcber die L\u00e4nder, in denen wir uns l\u00e4nger aufgehalten haben. Ein Link auf den jeweiligen Kontinent bzw. auf die jeweilige Flagge \u00f6ffnet alle Berichte zur jeweiligen Region bzw. Stadt.<\/p>\n<table border=\"0\" cellpadding=\"0\" cellspacing=\"0\">\n<tbody>\n<tr>\n<td align=\"left\" valign=\"center\" class=\"td\"><a href=\"https:\/\/www.frankbauer.net\/blog\/category\/africa\"><img loading=\"lazy\" decoding=\"async\" alt=\"\" border=\"0\" class=\"noshadow\" height=\"300\" src=\"http:\/\/www.frankbauer.net\/images\/flags\/Africa.png\" width=\"300\" \/><\/a><\/td>\n<td class=\"td\"><b>Africa<\/b><\/td>\n<td class=\"td\"><a href=\"https:\/\/www.frankbauer.net\/blog\/category\/africa\">Mehr Posts hier&#8230;<\/a><\/td>\n<td class=\"td\"><\/td>\n<\/tr>\n<tr>\n<td rowspan=14 align=\"left\" class=\"td\" valign=\"center\"><a href=\"https:\/\/www.frankbauer.net\/blog\/category\/asia\"><img loading=\"lazy\" decoding=\"async\" alt=\"\" border=\"0\" class=\"noshadow\" height=\"300\" src=\"http:\/\/www.frankbauer.net\/images\/flags\/Asia.png\" width=\"300\" \/><\/a><\/td>\n<td rowspan=8 align=\"left\" class=\"td\" valign=\"center\"><a href=\"https:\/\/www.frankbauer.net\/blog\/category\/china\"><img loading=\"lazy\" decoding=\"async\" alt=\"\" border=\"0\" class=\"noshadow\" height=\"128\" src=\"http:\/\/www.frankbauer.net\/images\/flags\/flag-cn.png\" width=\"128\" \/><\/a><\/td>\n<td class=\"td\"><a href=\"https:\/\/www.frankbauer.net\/blog\/category\/beijing\">Beijing<\/a><\/td>\n<\/tr>\n<tr>\n<td class=\"td\"><a href=\"https:\/\/www.frankbauer.net\/blog\/category\/guangzhou\">Guangzhou<\/a><\/td>\n<\/tr>\n<tr>\n<td class=\"td\"><a href=\"https:\/\/www.frankbauer.net\/blog\/category\/guilin\">Guilin<\/a><\/td>\n<\/tr>\n<tr>\n<td class=\"td\"><a href=\"https:\/\/www.frankbauer.net\/blog\/category\/hainan\">Hainan<\/a><\/td>\n<\/tr>\n<tr>\n<td class=\"td\"><a href=\"https:\/\/www.frankbauer.net\/blog\/category\/macau\">Macau<\/a><\/td>\n<\/tr>\n<tr>\n<td class=\"td\"><a href=\"https:\/\/www.frankbauer.net\/blog\/category\/shanghai\">Shanghai<\/a><\/td>\n<\/tr>\n<tr>\n<td class=\"td\"><a href=\"https:\/\/www.frankbauer.net\/blog\/category\/shenzhen\">Shenzhen<\/a><\/td>\n<\/tr>\n<tr>\n<td class=\"td\"><a href=\"https:\/\/www.frankbauer.net\/blog\/category\/xian\">Xi&#8217;an<\/a><\/td>\n<\/tr>\n<tr>\n<td align=\"left\" class=\"td\" valign=\"center\"><a href=\"https:\/\/www.frankbauer.net\/blog\/category\/hong-kong\"><img loading=\"lazy\" decoding=\"async\" alt=\"\" border=\"0\" class=\"noshadow\" height=\"128\" src=\"http:\/\/www.frankbauer.net\/images\/flags\/flag-hk.png\" width=\"128\" \/><\/a><\/td>\n<td class=\"td\"><a href=\"https:\/\/www.frankbauer.net\/blog\/category\/hong-kong\">Hong Kong<\/a><\/td>\n<\/tr>\n<tr>\n<td align=\"left\" class=\"td\" valign=\"center\"><a href=\"https:\/\/www.frankbauer.net\/blog\/category\/japan\"><img loading=\"lazy\" decoding=\"async\" alt=\"\" border=\"0\" class=\"noshadow\" height=\"128\" src=\"http:\/\/www.frankbauer.net\/images\/flags\/flag-jp.png\" width=\"128\" \/><\/a><\/td>\n<td class=\"td\"><a href=\"https:\/\/www.frankbauer.net\/blog\/category\/tokyo\">Tokyo<\/a><\/td>\n<\/tr>\n<td rowspan=2 align=\"left\" class=\"td\" valign=\"center\"><a href=\"https:\/\/www.frankbauer.net\/blog\/category\/thailand\"><img loading=\"lazy\" decoding=\"async\" alt=\"\" border=\"0\" class=\"noshadow\" height=\"128\" src=\"http:\/\/www.frankbauer.net\/images\/flags\/flag-th.png\" width=\"128\" \/><\/a><\/td>\n<td height=\"68\" class=\"td\"><a href=\"https:\/\/www.frankbauer.net\/blog\/category\/bangkok\">Bangkok<\/a><\/td>\n<\/tr>\n<tr>\n<td class=\"td\"><a href=\"https:\/\/www.frankbauer.net\/blog\/category\/ko-lanta\">Ko Lanta<\/a><\/td>\n<\/tr>\n<td rowspan=1 align=\"left\" class=\"td\" valign=\"center\"><a href=\"https:\/\/www.frankbauer.net\/blog\/category\/uae\"><img loading=\"lazy\" decoding=\"async\" alt=\"\" border=\"0\" class=\"noshadow\" height=\"128\" src=\"http:\/\/www.frankbauer.net\/images\/flags\/flag-ae.png\" width=\"128\" \/><\/a><\/td>\n<td height=\"68\" class=\"td\"><a href=\"https:\/\/www.frankbauer.net\/blog\/category\/dubai\">Dubai<\/a><\/td>\n<\/tr>\n<\/td>\n<\/tr>\n<td align=\"left\" class=\"td\" valign=\"center\"><a href=\"https:\/\/www.frankbauer.net\/blog\/category\/vietnam\"><img loading=\"lazy\" decoding=\"async\" alt=\"\" border=\"0\" class=\"noshadow\" height=\"128\" src=\"http:\/\/www.frankbauer.net\/images\/flags\/flag-vn.png\" width=\"128\" \/><\/a><\/td>\n<td class=\"td\"><a href=\"https:\/\/www.frankbauer.net\/blog\/category\/hanoi\">Hanoi<\/a><\/td>\n<\/tr>\n<tr>\n<td align=\"left\" class=\"td\" valign=\"center\"><a href=\"https:\/\/www.frankbauer.net\/blog\/category\/australia\"><img loading=\"lazy\" decoding=\"async\" alt=\"\" border=\"0\" class=\"noshadow\" height=\"300\" src=\"http:\/\/www.frankbauer.net\/images\/flags\/Australia.png\" width=\"300\" \/><\/a><\/td>\n<td class=\"td\"><b>Australia<\/b><\/td>\n<td class=\"td\"><a href=\"https:\/\/www.frankbauer.net\/blog\/category\/australia\">Mehr Posts hier&#8230;<\/a><\/td>\n<\/tr>\n<tr>\n<td rowspan=4 align=\"left\" class=\"td\" valign=\"center\"><a href=\"https:\/\/www.frankbauer.net\/blog\/category\/europe\"><img loading=\"lazy\" decoding=\"async\" alt=\"\" border=\"0\" class=\"noshadow\" height=\"300\" src=\"http:\/\/www.frankbauer.net\/images\/flags\/Europe.png\" width=\"300\" \/><\/a><\/td>\n<td align=\"left\" class=\"td\" valign=\"center\"><a href=\"https:\/\/www.frankbauer.net\/blog\/category\/france\"><img loading=\"lazy\" decoding=\"async\" alt=\"\" border=\"0\" class=\"noshadow\" height=\"128\" src=\"http:\/\/www.frankbauer.net\/images\/flags\/flag-fr.png\" width=\"128\" \/><\/a><\/td>\n<td class=\"td\"><a href=\"https:\/\/www.frankbauer.net\/blog\/category\/paris\">Paris<\/a><\/td>\n<\/tr>\n<td align=\"left\" class=\"td\" valign=\"center\"><a href=\"https:\/\/www.frankbauer.net\/blog\/category\/italy\"><img loading=\"lazy\" decoding=\"async\" alt=\"\" border=\"0\" class=\"noshadow\" height=\"128\" src=\"http:\/\/www.frankbauer.net\/images\/flags\/flag-it.png\" width=\"128\" \/><\/a><\/td>\n<td class=\"td\"><a href=\"https:\/\/www.frankbauer.net\/blog\/category\/firenze\">Firenze<\/a><\/td>\n<\/tr>\n<tr>\n<td rowspan=2 align=\"left\" class=\"td\" valign=\"center\"><a href=\"https:\/\/www.frankbauer.net\/blog\/category\/spain\"><img loading=\"lazy\" decoding=\"async\" alt=\"\" border=\"0\" class=\"noshadow\" height=\"128\" src=\"http:\/\/www.frankbauer.net\/images\/flags\/flag-es.png\" width=\"128\" \/><\/a><\/td>\n<td height=\"90\" class=\"td\"><a href=\"https:\/\/www.frankbauer.net\/blog\/category\/barcelona\">Barcelona<\/a><\/td>\n<\/tr>\n<tr>\n<td class=\"td\"><a href=\"https:\/\/www.frankbauer.net\/blog\/category\/madrid\">Madrid<\/a><\/td>\n<\/tr>\n<\/tr>\n<tr>\n<td rowspan=4 align=\"left\" class=\"td\" valign=\"center\"><a href=\"https:\/\/www.frankbauer.net\/blog\/category\/north-america\"><img loading=\"lazy\" decoding=\"async\" alt=\"\" border=\"0\" class=\"noshadow\" height=\"300\" src=\"http:\/\/www.frankbauer.net\/images\/flags\/NorthAmerica.png\" width=\"300\" \/><\/a><\/td>\n<td rowspan=4 align=\"left\" class=\"td\" valign=\"center\"><a href=\"https:\/\/www.frankbauer.net\/blog\/category\/usa\"><img loading=\"lazy\" decoding=\"async\" alt=\"\" border=\"0\" class=\"noshadow\" height=\"128\" src=\"http:\/\/www.frankbauer.net\/images\/flags\/flag-us.png\" width=\"128\" \/><\/a><\/td>\n<td height=\"100\" class=\"td\"><a href=\"https:\/\/www.frankbauer.net\/blog\/category\/boston\">Boston<\/a><\/td>\n<\/tr>\n<tr>\n<td height=\"100\" class=\"td\"><a href=\"https:\/\/www.frankbauer.net\/blog\/category\/chicago\">Chicago<\/a><\/td>\n<\/tr>\n<tr>\n<td height=\"100\" class=\"td\"><a href=\"https:\/\/www.frankbauer.net\/blog\/category\/los-angeles\">Los Angeles<\/a><\/td>\n<\/tr>\n<tr>\n<td class=\"td\"><a href=\"https:\/\/www.frankbauer.net\/blog\/category\/new-york\">New York City<\/a><\/td>\n<\/tr>\n<\/tr>\n<tr>\n<td align=\"left\" class=\"td\" valign=\"center\"><a href=\"https:\/\/www.frankbauer.net\/blog\/category\/south-america\"><img loading=\"lazy\" decoding=\"async\" alt=\"\" border=\"0\" class=\"noshadow\" height=\"300\" src=\"http:\/\/www.frankbauer.net\/images\/flags\/SouthAmerica.png\" width=\"300\" \/><\/a><\/td>\n<td class=\"td\"><b>South America<\/b><\/td>\n<td class=\"td\"><a href=\"https:\/\/www.frankbauer.net\/blog\/category\/south-america\">Mehr Posts hier&#8230;<\/a><\/td>\n<\/tr>\n<tr>\n<td class=\"td\" width=\"320\"><\/td>\n<td class=\"td\" width=\"150\"><\/td>\n<td class=\"td\" width=\"200\"><\/td>\n<\/tr>\n<\/tbody>\n<\/table>\n<p><\/div>\n","protected":false},"excerpt":{"rendered":"<p>Auf dieser Seite findet Ihr Links zu Berichten \u00fcber St\u00e4dtereisen und \u00fcber die L\u00e4nder, in denen wir uns l\u00e4nger aufgehalten haben. Ein Link auf den jeweiligen Kontinent bzw. auf die jeweilige Flagge \u00f6ffnet alle Berichte zur jeweiligen Region bzw. Stadt. &hellip; <a href=\"https:\/\/www.frankbauer.net\/blog\/travel\/\">Continue reading <span class=\"meta-nav\">&rarr;<\/span><\/a><\/p>\n","protected":false},"author":1,"featured_media":0,"parent":0,"menu_order":0,"comment_status":"closed","ping_status":"closed","template":"","meta":{"ngg_post_thumbnail":0,"footnotes":""},"class_list":["post-241","page","type-page","status-publish","hentry"],"_links":{"self":[{"href":"https:\/\/www.frankbauer.net\/blog\/wp-json\/wp\/v2\/pages\/241","targetHints":{"allow":["GET"]}}],"collection":[{"href":"https:\/\/www.frankbauer.net\/blog\/wp-json\/wp\/v2\/pages"}],"about":[{"href":"https:\/\/www.frankbauer.net\/blog\/wp-json\/wp\/v2\/types\/page"}],"author":[{"embeddable":true,"href":"https:\/\/www.frankbauer.net\/blog\/wp-json\/wp\/v2\/users\/1"}],"replies":[{"embeddable":true,"href":"https:\/\/www.frankbauer.net\/blog\/wp-json\/wp\/v2\/comments?post=241"}],"version-history":[{"count":15,"href":"https:\/\/www.frankbauer.net\/blog\/wp-json\/wp\/v2\/pages\/241\/revisions"}],"predecessor-version":[{"id":6969,"href":"https:\/\/www.frankbauer.net\/blog\/wp-json\/wp\/v2\/pages\/241\/revisions\/6969"}],"wp:attachment":[{"href":"https:\/\/www.frankbauer.net\/blog\/wp-json\/wp\/v2\/media?parent=241"}],"curies":[{"name":"wp","href":"https:\/\/api.w.org\/{rel}","templated":true}]}}