{"id":704,"date":"2011-03-26T12:01:16","date_gmt":"2011-03-26T04:01:16","guid":{"rendered":"http:\/\/www.frankbauer.net\/blog\/?page_id=704"},"modified":"2011-03-26T12:34:49","modified_gmt":"2011-03-26T04:34:49","slug":"calendar","status":"publish","type":"page","link":"https:\/\/www.frankbauer.net\/blog\/calendar\/","title":{"rendered":"Calendar"},"content":{"rendered":"<p>Auf dieser Seite findet ihr zum einen den Buchungsstand unseres G\u00e4stezimmers, zum anderen eine \u00dcbersicht \u00fcber unsere n\u00e4chsten Reiseziele in China und dar\u00fcber hinaus.<\/p>\n<p>[my_calendar]<\/p>\n","protected":false},"excerpt":{"rendered":"<p>Auf dieser Seite findet ihr zum einen den Buchungsstand unseres G\u00e4stezimmers, zum anderen eine \u00dcbersicht \u00fcber unsere n\u00e4chsten Reiseziele in China und dar\u00fcber hinaus. [my_calendar]<\/p>\n","protected":false},"author":1,"featured_media":0,"parent":0,"menu_order":0,"comment_status":"closed","ping_status":"closed","template":"","meta":{"ngg_post_thumbnail":0,"footnotes":""},"class_list":["post-704","page","type-page","status-publish","hentry"],"_links":{"self":[{"href":"https:\/\/www.frankbauer.net\/blog\/wp-json\/wp\/v2\/pages\/704","targetHints":{"allow":["GET"]}}],"collection":[{"href":"https:\/\/www.frankbauer.net\/blog\/wp-json\/wp\/v2\/pages"}],"about":[{"href":"https:\/\/www.frankbauer.net\/blog\/wp-json\/wp\/v2\/types\/page"}],"author":[{"embeddable":true,"href":"https:\/\/www.frankbauer.net\/blog\/wp-json\/wp\/v2\/users\/1"}],"replies":[{"embeddable":true,"href":"https:\/\/www.frankbauer.net\/blog\/wp-json\/wp\/v2\/comments?post=704"}],"version-history":[{"count":4,"href":"https:\/\/www.frankbauer.net\/blog\/wp-json\/wp\/v2\/pages\/704\/revisions"}],"predecessor-version":[{"id":709,"href":"https:\/\/www.frankbauer.net\/blog\/wp-json\/wp\/v2\/pages\/704\/revisions\/709"}],"wp:attachment":[{"href":"https:\/\/www.frankbauer.net\/blog\/wp-json\/wp\/v2\/media?parent=704"}],"curies":[{"name":"wp","href":"https:\/\/api.w.org\/{rel}","templated":true}]}}